- 8*b - 14. What is the tens digit of n(i)?
0
Suppose -251060 - 394900 = -8*c - 62*c. What is the units digit of c?
8
What is the thousands digit of (-265975286)/(-15565) - (-6)/(-165)?
7
Let v(f) = f**3 + 4*f**2 + 5. Let z be v(-4). Suppose -z*g = -12*g + 154. Let d(b) = 3*b - 24. What is the units digit of d(g)?
2
Let w be (-7 + 2)/((-3)/3). Suppose -5*z - 148 + 363 = 0. Suppose 3*l = 5*a + 119, -3*l - w*a = z - 152. What is the units digit of l?
8
Let o = 350 + -343. Suppose 8*g = 4*a + o*g - 7026, -3*a - 2*g = -5275. What is the units digit of a?
7
Let s(m) = -2*m**3 - 39*m**2 + 39*m - 60. What is the hundreds digit of s(-30)?
6
Let s = 2491 + 765. What is the units digit of s?
6
Suppose 0 = 5*f + 3*h + 16 - 6, -5*h - 4 = 2*f. Let d be ((-1)/f + 0)/((-2)/12). What is the units digit of 2 - (-141)/(d + 6)?
9
Suppose 2*z = 2*l - 154, 5*z + 373 = l + l. Let n be ((-6 - 1) + 6)*(-722)/(-2). Let h = z - n. What is the units digit of h?
8
Let w(s) = s**2 - 9*s - 9. Let r = 114 - 126. Let c be w(r). Let g = 411 - c. What is the hundreds digit of g?
1
Let z = 65 + -113. Let q = z - -698. Suppose g + 329 = 2*d - 4*g, 4*d - 2*g = q. What is the hundreds digit of d?
1
What is the thousands digit of 44/(-55) + ((-169358)/(-10) - (5 + -2))?
6
Let o be (2*(-4)/(-24))/((-2)/(-4572)). Let p = o + -162. What is the units digit of p?
0
What is the thousands digit of (-1)/8 - 144830/(-112)?
1
Let h(i) = -2*i - 47. Let q be 1 + (-2 - (20 - 1)). Let g be h(q). Let c(s) = -5*s - 4. What is the tens digit of c(g)?
3
Let u be ((-3)/2)/(15/(-310)). Let n = u + -31. Suppose 0 = -3*i - 6, -5*a + a + 5*i + 162 = n. What is the units digit of a?
8
Suppose 3*l - 1409 = -2*r, 1472 = 4*r + 5*l - 1345. Suppose 0 = 10*x - r - 367. What is the units digit of x?
7
Suppose 981 = 5*f + o - 8228, 0 = -2*f + 5*o + 3689. Suppose 0 = -i - 3*i - 3*l + f, -3*l = -5*i + 2289. What is the units digit of i?
9
Suppose -2*a - 56951 = -l, -91*a = -3*l - 94*a + 170889. What is the tens digit of l?
5
Let p be ((-9)/((-18)/(-4)))/(4/(-26)). Suppose -p*k + 2052 = 6*k. What is the units digit of k?
8
Let b be (-3 + 9)*(0 - 1). Let w be b/(-4)*(-4 + 132/18). Suppose -5*a + 59 = w*h - 2*a, 5*h - 57 = -4*a. What is the tens digit of h?
1
Suppose -r = -h + 8149, 3*h - r = -0*h + 24449. What is the tens digit of h?
5
Suppose 0 = -2*b + 2*j + 1962, -3*b - 4*j + 2919 = j. Suppose -4148 = -10*z - b. What is the tens digit of z?
1
Let d(u) = 55*u + 30 + 2*u**2 - 10*u - 66*u. What is the tens digit of d(-10)?
4
Let q(l) = -l**3 + 7*l**2 + 11*l - 6. Let t be q(8). Suppose -3*v = -t*v + 6345. What is the units digit of v?
3
Let c(b) = -b**3 + 11*b**2 + 12*b + 2. Let z be c(12). Suppose -2*n + 1370 = -f, -z*f + 2062 = 2*n + n. What is the hundreds digit of n?
6
Let o = 28059 + -14747. What is the units digit of o?
2
Let w be (-11)/55 - (-1 - (-57)/15). What is the hundreds digit of ((-2)/w)/((-5)/(-1440))?
1
Suppose 0 = -3*u - 74 + 581. Let j = 542 - u. Suppose 0*o + 2*o + 3*d = j, 2*o - 2*d = 378. What is the units digit of o?
8
Suppose -114*c = -49*c - 1400620. What is the tens digit of c?
4
Suppose 10*m - 6 = -r + 14*m, 0 = 4*r + 3*m - 5. Suppose -2*f + w + 2665 + 46 = 0, -3*f = r*w - 4084. What is the tens digit of f?
5
Let f be (3 + -21)*1*(-1)/2. Let m = -1810 - -1081. What is the tens digit of m/(-24) - f/24?
3
Suppose 4*o - l + 428 = 0, -58 = -o + l - 168. Let i = 339 + o. What is the hundreds digit of i?
2
Let a(i) = 2*i**2 + 17*i - 5 - 11*i**2 - 11*i**2 + 17 - i**3. What is the tens digit of a(-21)?
9
Let p be -2*1/5 - 167/(-5). Let m = p - 29. Suppose -5*w = -15, 3*v + 59 = m*v - w. What is the units digit of v?
2
Suppose -y + 2601 + 503 = -4*x, 3*y - 9377 = -x. What is the thousands digit of y?
3
Let f(w) = 11*w**2 + 28*w - 23. What is the hundreds digit of f(-14)?
7
Let i = -66 + 68. Let a be 42/(-6)*i/(-7). Suppose 2*j - 226 = -a*u, 3*u - 113 = 2*u - 3*j. What is the units digit of u?
3
Suppose r = 5*c - 4, -12 = c + 4*r - r. Let q be (7/14 + 0)*c/(-1). Suppose q = -3*p + 5*d + 430, -2*p + 437 = p + 2*d. What is the tens digit of p?
4
Let p(m) = 9*m**2 - 33*m - 549. What is the tens digit of p(-35)?
3
Suppose 11*t = -5210 - 11708. Let a = -784 - t. What is the hundreds digit of a?
7
Suppose 5*z = 19*z + 1778. Let g = -124 - z. What is the units digit of g?
3
Suppose 2*h - 3*l - 5173 = 0, 0 = 2*l + l + 3. Suppose 3*n + 30*s - 1540 = 26*s, -3*s = 5*n - h. What is the tens digit of n?
2
Suppose -4*d + 2*d = 518. Let c be (-383)/(-1)*((-504)/(-630) - (-9)/(-5)). Let y = d - c. What is the units digit of y?
4
What is the tens digit of 44730/12*(-16)/(-20)?
8
Suppose 47932 = -22*z + 159274. What is the tens digit of z?
6
Suppose -74*r - 673 = -75*r + 2*x, 2642 = 4*r + 2*x. What is the units digit of r?
3
Let t = 27 + -41. What is the hundreds digit of ((-6041)/t + 0)/(2/4)?
8
Let m be ((-8)/(-12))/((-4)/(-228)). Suppose -36*c + m*c = 16. Let l = 170 + c. What is the hundreds digit of l?
1
Let v(z) = -2*z - 15. Let o(d) = d + 7. Let p(q) = 10*o(q) + 4*v(q). Let r be p(7). What is the tens digit of 2268/r + (-1)/(-2)?
9
Let g be ((-4212)/180)/((-1)/10). Suppose -252 = -r + 5*d, 2*r - d = 3*r - g. What is the tens digit of r?
3
Suppose 20131 - 93111 = -41*i. What is the thousands digit of i?
1
Suppose 522977 = 100*x - 9*x. What is the units digit of x?
7
Suppose -37*d = -58*d + 31*d - 495600. What is the ten thousands digit of d?
4
Suppose -4*r + 181318 = 41*r + 11623. What is the thousands digit of r?
3
Let k(p) = 4*p**2 + 0*p + 5*p - 4*p - 9. Let c = -174 + 178. What is the tens digit of k(c)?
5
Suppose -83*r = 34*r - 412191. What is the hundreds digit of r?
5
Suppose 9 - 11 = -2*t. Let z(j) = -2*j**2 + 4*j - 1. Let x be z(2). What is the units digit of (t - (0 + 0) - x) + 159?
1
Let v be (3*-8)/(-2 + 0/7). What is the tens digit of v/(-48) - (-1 - (-973)/(-4))?
4
Let s(f) = 4*f**2 - 165*f + 35. Let g be s(41). Suppose 7*q = 4*q - 24. What is the tens digit of 1041/12 - g/q?
8
Suppose -5161 = -8*h + 14239. Suppose 0 = -3*a - n - 0*n + h, 4*a - 3232 = -2*n. What is the hundreds digit of a?
8
Let q(c) = 1984*c + 500. What is the thousands digit of q(2)?
4
Suppose 41 = 3*c + 29. Let p(h) = 3*h**2 + 5*h + 7. Let a(t) = -6*t**2 - 10*t - 15. Let z(i) = c*a(i) + 9*p(i). What is the units digit of z(-8)?
5
Let a = 1224 + -693. Suppose 8*h - a = 3245. Suppose 3*r + q - 2*q = h, r - 184 = -5*q. What is the hundreds digit of r?
1
Let l(n) = n + 4. Let p(k) = -k**2 + 6*k - 7. Let t be p(5). Let g be l(t). What is the units digit of (-1359)/(-27) + g/3?
1
Let a be (-5)/(-5)*((-3)/(-1) - -7). Let d be 7/4*2*(32 + a). Suppose -f = -3*r - 0*f + d, f = 0. What is the tens digit of r?
4
Let b = 6839 + 921. What is the hundreds digit of b?
7
Suppose 0 = 6*l - 4*l + 96. Let n = l - -120. Let x = n - -6. What is the tens digit of x?
7
Let j(n) = n + 10 + 8 - 34 + 14 + 134*n**3. What is the hundreds digit of j(1)?
1
Let d be (-54)/(-252)*-7*(-1936)/6. Suppose 0 = -2*i + 28*m - 32*m + d, -2*m + 6 = 0. What is the hundreds digit of i?
2
What is the thousands digit of (-11 - (-476)/42) + 102092/12 + 1?
8
Let k(d) = -d**3 + 7*d**2 + 455*d - 43. What is the tens digit of k(21)?
3
Let b be (-2)/(-7) - -3*(-16788)/(-126). Suppose -5*f + 950 = -b. Let g = f + -137. What is the hundreds digit of g?
1
Suppose -8*f = -2*f - 18. Suppose 4*p + 2*w = 7 + 5, 0 = -f*p + 5*w + 9. Suppose 0 = u + p*u - 200. What is the units digit of u?
0
Let r(l) = l**3 + 3*l**2 - 5*l + 2. Let h be r(-4). Let t(m) = 4*m + 79. Let k(c) = 3*c + 90. Let s(g) = -5*k(g) + 6*t(g). What is the units digit of s(h)?
8
Let k(a) = -2*a + 16. Let g be k(13). Let f be 8/4*(-1 + g/(-4)). Suppose -2*v - 2*w - 31 = -307, 404 = f*v + 5*w. What is the tens digit of v?
4
Let a = -1 - 6. Let q be (-590)/a - 4/14. Let w = q - -25. What is the units digit of w?
9
Let t = 334 - 114. Let u = t - -35. What is the tens digit of u?
5
Suppose -11*k = -17*k - 1896. Let u = 551 + k. What is the hundreds digit of u?
2
Suppose 5*g = -3*d + 38411 + 74940, 4*g + 5*d - 90686 = 0. What is the ten thousands digit of g?
2
Suppose -5*g + 25*g + 351576 = 172*g. What is the hundreds digit of g?
3
Suppose r - 5289 - 4134 = -4*b, 3*b - 7066 = -r. Suppose -4*j - 20 = 0, j + b = 4*w - 4*j. Wha